Suppose -5 = 5*r - 4*p, -2*r - r - 11 = -4*p. Let d(m) = m**2 + 3. Let v(j) = -3*j**2 + j - 6. Let k(c) = -5*d(c) - 2*v(c). Calculate k(r).
0
Let r(f) = f**3 - 3*f**2 + 3*f - 3. Suppose -5*i = 2*i - 14. What is r(i)?
-1
Let n(t) = t**2 - 2*t - 1. Let m be n(3). Let i(c) = 4 - 5*c + 4*c + 4*c**2 - 3*c - c**3 + m*c. What is i(3)?
7
Let n = -4 + 10. Let m(u) = u**3 - 6*u**2 - u. Give m(n).
-6
Let d be (-8 - (-1 + -1))/(-2). Let l(b) = 0*b**2 + b**d + b**2 + 1 - 3*b**2. Determine l(2).
1
Let q(h) = h + 2. Let n be q(-2). Let c(s) = s - 1. Calculate c(n).
-1
Let p(f) = -3*f. Let k be p(-1). Suppose k*v - 8 = v. Suppose v*l - 24 = -2*r, -4*l + 3*r + 8 = r. Let n(h) = h**2 - 2*h - 4. Determine n(l).
4
Let o(p) = p**3 + 4*p**2 - 3*p - 6. Let x be (-2)/(-5) - 232/(-20). Let a be ((-4)/(-6))/((-2)/x). Determine o(a).
6
Let f be (((-15)/(-3))/1)/1. Suppose -4*o - 16 = -w, f*o + w + 1 = -19. Let t(i) be the second derivative of i**4/12 + i**3/3 - 5*i**2/2 - i. Calculate t(o).
3
Let r(m) be the third derivative of -m**6/240 + m**5/120 + m**4/12 - 3*m**2. Let a(f) be the second derivative of r(f). What is a(3)?
-8
Let j(p) = p**3 + 4*p**2 + 2*p + 5. Suppose k - 1 - 1 = 0. Suppose 0 = -r - k*r. Suppose r = -2*x - 13 + 5. Calculate j(x).
-3
Let u be (-1)/(-2) + (-4)/8. Let z be u + -2*1 + 4. Let b(j) = -j**2 - 2*j + z*j. What is b(-2)?
-4
Let z(x) = -x**3 + x**2 + 2*x - 1. Suppose 0 = -4*w + 7*w - 6. Let t be 4/10*(-3 - w). Determine z(t).
7
Let c(u) = -u**3 + 7*u**2 + 7*u + 7. Let z be c(8). Let w(n) = -n**3 + 1. Let l(k) = k**2 + k + 5. Let h(y) = l(y) - 5*w(y). Give h(z).
-5
Suppose -2 = -3*u + u. Let w = 5 - u. Suppose -w*l + 5 = -5*l. Let k(n) = -n**3 - 5*n**2 - n + 2. Give k(l).
7
Let f(o) be the third derivative of 0*o + 1/12*o**5 + 5/6*o**3 + 0 - 5*o**2 - 7/24*o**4 - 1/120*o**6. Give f(4).
-7
Let b(m) = 3*m + 7. Let l(n) = 4*n + 4. Let f(x) = 5*x + 4. Let z(r) = 3*f(r) - 4*l(r). Let d(q) = -2*b(q) - 5*z(q). Give d(5).
1
Let x(y) be the third derivative of -y**2 - 1/60*y**5 + 1/6*y**3 + 0 + 0*y**4 - 7/120*y**6 + 0*y. What is x(1)?
-7
Let m(l) = 4 - 3 - 2*l**2 - 3 - 2*l**3. Suppose 26 - 22 = -2*g. Calculate m(g).
6
Let q(h) be the third derivative of h**7/2520 - h**6/144 + h**5/30 + h**4/24 - 2*h**2. Let i(u) be the second derivative of q(u). Calculate i(5).
4
Let p(x) be the third derivative of x**5/30 - x**4/12 + x**3/3 + x**2. Suppose 13*g - 13 = 13. Give p(g).
6
Suppose 4*n + 8 = 5*n. Let h = n + -13. Let m(o) = 0*o**3 - o + 6*o**2 + 4*o + o**3 - 7. Calculate m(h).
3
Let a(l) = l**2 - 4*l - 2. Let t(d) be the second derivative of d**3/6 - 7*d**2/2 + 4*d. Let c be t(10). Determine a(c).
-5
Let f(h) = -3. Let d(z) = -z + 1. Let s(r) = 2*d(r) - f(r). Give s(6).
-7
Suppose 0 = 4*f + 2*r - 3*r + 24, -3*r = 3*f + 18. Let u be f/(-12) - 50/4. Let k = 17 + u. Let a(z) = z - 5. Give a(k).
0
Let v(w) be the third derivative of w**4/24 + w**3/2 - 3*w**2. Let t be 3 - 0 - (-4)/2. Suppose -t*i = 3*n + 31, 4*n + 33 = -4*i - i. Determine v(i).
-2
Let j = 45 + -29. Let v(f) = -4*f - 1. Let o be v(-1). Suppose -i = o*i - j. Let z(t) = t**2 - 2*t - 2. Give z(i).
6
Let f = -20 + 20. Let j(t) = -t**2 + t - 13. What is j(f)?
-13
Let i = 9 + -16. Let z(g) = g**3 + 8*g**2 + 8*g - 1. Determine z(i).
-8
Let a(r) = r + 4. Let y(i) = -i - 3. Let w(s) = -5*a(s) - 6*y(s). Let h(n) = 2*n - 1. Let c(q) = -2*h(q) + 3*w(q). Give c(-5).
1
Let q(y) = -5*y**3 + 12*y**2 - 8*y - 9. Let m be (1 + 1)/(9/(-36)). Let j(l) = 3*l**3 - 8*l**2 + 5*l + 6. Let b(d) = m*j(d) - 5*q(d). What is b(-3)?
6
Let p(n) = n**3 - 6*n**2 + 5*n - 1. Suppose 2 = v + 3*w, -2*v + 0 = -w + 3. Let u be (-16)/(-80) - 38/(-10). Let t = u - v. Calculate p(t).
-1
Let d(j) be the first derivative of -j**2/2 - j - 12. Give d(-6).
5
Suppose -3*f = 4*q + 3 - 24, -f + 4*q - 9 = 0. Let d(o) = o**2 + 0*o - 3 + 0*o + f*o. Let k be d(-4). Let m(i) = 5*i. Determine m(k).
5
Let y(m) = -m + 4. Let g(t) = t - 5. Let w(d) = 5*g(d) + 6*y(d). What is w(-6)?
5
Suppose -5*z + 2*w + 41 = 0, -6*z + 15 = -3*z + 2*w. Let i(j) = -j**2 + 8*j - 8. Determine i(z).
-1
Suppose -20 + 5 = 3*n. Let u(l) = l**3 + 7*l**2 + 6*l + 3. What is u(n)?
23
Let m(l) = -6*l**2 - 5*l**3 - 4*l**2 + 6*l**3 + 4*l**2 - 7*l - 9. What is m(7)?
-9
Suppose 0*l + 72 = 4*l. Let r be (-1 + 2)/((-3)/l). Let d(n) = n + 7. Give d(r).
1
Let f(s) = -s**2 - 6*s + 3. Let m = -12 - -6. What is f(m)?
3
Let j = 4 - 1. Let i(w) = -w**2 + 5*w + 8. Let m be i(6). Let z(l) = -3*l + 2 + j*l**m - 2. Give z(2).
6
Let y(i) = i**2 - 10*i + 3. Let z(d) = d**2 + 6*d + 14. Let p be z(-5). Give y(p).
-6
Let d(z) = -z + 13. Let s(x) = x**3 - 6*x**2 + 2*x - 3. Let b be s(6). Let m be d(b). Let p(w) = w**3 - 3*w**2 - 3*w + 2. Calculate p(m).
6
Suppose -k + 4*k = -4*v + 25, -4*v = -4*k - 4. Suppose 5*t - g = -6*g, 0 = 4*t - k*g. Let j(s) = 3*s + s**2 - 7*s + 3*s + 1. Give j(t).
1
Let y(n) = n**2 + 6*n + 6. Suppose 3*v = -v + 2*w - 16, -v - 3*w = 11. What is y(v)?
1
Let b(u) = -u**3 - 3*u**2 + 13*u + 16. Let l be b(-5). Let c(s) = -6*s**2 + 1. Give c(l).
-5
Let t(h) = 179 + h - 2*h - 166. Calculate t(6).
7
Let p be 58/18 + 6/(-27). Suppose 4 = p*u - u. Let k(m) = 5*m + 2*m + u - 5*m. Give k(4).
10
Let b be (1/2 + -1)*-4. Let z(f) = 2*f**2 - f**2 + b*f - 1 + 0*f + 0. Determine z(1).
2
Let h = -1 - 2. Let d = 0 - 1. Let z be (h/((-3)/2))/d. Let l(u) = 2*u**2 + u - 2. Determine l(z).
4
Let k(y) = -y + 1. Let u(p) = -5*p + 4. Let n(v) = -20*k(v) + 5*u(v). Determine n(2).
-10
Suppose -2*l + 16 = -0*l. Let k(o) = -l - 8*o + 8. Let j = 2 - 3. Calculate k(j).
8
Suppose 2*q + 3 = 5*q. Let v(c) be the first derivative of 2*c**3/3 - c + 15. What is v(q)?
1
Let f(w) = -w**2 - 5*w - 5. Suppose -t - 10 = 5*v + 7, -5*v + 3*t - 29 = 0. What is f(v)?
-1
Suppose 2 = -d - 2. Suppose 0 = 4*b - o + 5*o - 12, -5*b - o = -15. Let p(h) = -h**b + 0 + 2*h - 5*h**2 + h**2 - 1. Determine p(d).
-9
Suppose -2 = -2*t - 4, 33 = 5*q - 3*t. Let g = -54 - -56. Suppose k - 3*a - q = 0, 3*a + 2*a = g*k - 9. Let p(l) = -l**3 - 3*l**2 - l + 2. Calculate p(k).
5
Let h(w) = 2*w + 3*w**3 + 1 - 4*w**3 - 2*w**2 + 4*w**2. Let y be 2/8 + 68/(-16). Let b be 1/4 - (-5)/y. Determine h(b).
2
Let a(s) = -2 - 2 + s - 1. Let w = 5 + -5. Suppose w = -g + 2 + 2. Calculate a(g).
-1
Let p(l) be the second derivative of 0 - 3*l + 1/2*l**3 - 3*l**2. What is p(4)?
6
Let m be (-4)/(-12) - 10/(-6). Let f(j) = -5*j**3 + j**m + 0*j**3 - 2*j**2. Suppose -2*u = -5*u - 5*x - 7, 9 = 5*u - 2*x. What is f(u)?
-6
Let m(p) = -3*p - 6. Let i be m(-6). Let a = i - 9. Suppose -a*x + d = -3*d + 20, -22 = 5*x - d. Let q(b) = -b**2 - 6*b - 1. Determine q(x).
7
Let w(x) = 9*x**2 + 2*x - 4. Let l(z) = 27*z**2 - 5. Let s(t) = -t + 1. Let p(b) = l(b) - 6*s(b). Let c(g) = 3*p(g) - 8*w(g). Give c(1).
10
Let f(h) = 33*h - 69*h + 1 + h**3 + 41*h + 5*h**2. Give f(-4).
-3
Let j(m) be the third derivative of -m**7/5040 - m**6/720 - m**5/20 - 3*m**2. Let u(h) be the third derivative of j(h). Let z be (0 - 1)*-1 + 1. What is u(z)?
-3
Suppose -3*c + 6 = -3, c = 3*z + 18. Let f(s) = 10*s**3 + 8*s**2 - 10*s + 1. Let d(a) = -3*a**3 - 3*a**2 + 3*a. Let l(v) = -7*d(v) - 2*f(v). What is l(z)?
3
Let n(r) = -r + 6. Let h(p) = -1. Let q(c) = -5*h(c) - n(c). Let m be q(5). Let s(w) = -w**3 + 4*w**2 - 3*w + 5. Calculate s(m).
-7
Let r(w) = -2*w**2 - 13*w + 2. Let j(q) = -3*q**2 - 19*q + 3. Let l(g) = -5*j(g) + 7*r(g). Calculate l(-5).
4
Suppose 0*v - f + 1 = -2*v, 4*f - 4 = 0. Let w(p) = -4 + p + 4 - p**2 + 2 + 0*p. Give w(v).
2
Let r be 2/5 + (-6)/(-10). Let u = r - -1. Let a(i) = 3 - 2 - 2 + u*i. What is a(-1)?
-3
Suppose 0 = -z - 3*f + 6, -2*f - f = 3*z - 18. Let v(b) = -b + 1. Determine v(z).
-5
Let t be 1 + 4 + -2 - -1. Let d(f) = -t*f - 4*f + 4*f - 3. What is d(-2)?
5
Suppose 5 = -4*m - 3. Let l(f) = -f**3 - 2*f**2 - 2*f - 3. Determine l(m).
1
Let o(d) = d. Let x be 2/2 - 0/(-2). Let n(b) be the third derivative of -b**4/4 + b**3/6 - 8*b**2. Let r(z) = x*n(z) - 3*o(z). Determine r(-1).
10
Let h(r) = r + 1 + 3 - 3 + 2*r + 2*r**2. Determine h(-2).
3
Let t(s) be the third derivative of -s**5/60 - 7*s**4/24 - s**3/6 + 2*s**2. Suppose 0 = -3*b + r - 7, -2*r = b + 9 - 2. Determine t(b).
11
Let v(c) = c - 8. Suppose 0 = -5*b + x + x + 31, -5*b + 43 = 4*x. Determine v(b).
-1
Let a(o) = -o**3 - 4*o*